+ k. Suppose v - 5*d - 12 = -d, -5*d = -n*v + 22. What is the remainder when v is divided by 2 - 3/1 - -3?
0
Let v = -17 + 22. Let o(r) = 3*r**2 - 3*r + 2. What is the remainder when o(2) is divided by v?
3
Let z(v) = 2*v**2 - 35*v - 10. What is the remainder when 37 is divided by z(18)?
5
Let m(y) = -5*y - 9. Let k be m(-7). Let r = k - 9. What is the remainder when r is divided by 6?
5
Let r = 51 + -30. Calculate the remainder when 60 is divided by r.
18
Suppose 214 - 74 = 5*a + 5*l, -71 = -2*a - 5*l. Calculate the remainder when 66 is divided by a.
20
Let t(y) = -19*y - 7. What is the remainder when 59 is divided by t(-2)?
28
Suppose -4*u + 8*u = 32. Suppose u*q - 125 = 3*q. What is the remainder when 74 is divided by q?
24
Let n = -17 - -28. Let a = -58 - -34. Let y = 56 + a. What is the remainder when y is divided by n?
10
Suppose 5*n - 218 = 4*c, -n + 5*c + 23 + 29 = 0. What is the remainder when n is divided by 11?
9
Calculate the remainder when 10/45 - (-2210)/18 is divided by 32.
27
Suppose 35 - 179 = -4*l. Suppose -3*a + 40 = a. Calculate the remainder when l is divided by a.
6
Let a = -10 - -24. What is the remainder when 38 is divided by a?
10
Suppose -5*p - k + 453 = 0, -4*k = p - 137 + 35. Suppose -5*f + p = f. What is the remainder when 57 is divided by f?
12
Let u(l) = l**3 - 7*l**2 + 2*l - 8. Calculate the remainder when u(8) is divided by 25.
22
Suppose 0 = 3*p - 0*p - 42. Suppose -10*b = -p*b + 20. Calculate the remainder when 18 is divided by b.
3
Calculate the remainder when (-6)/(-1 - -3) - -42 is divided by 7.
4
Let f(g) = -2*g + 2. Let p(x) = -x**3 + 4*x**2 + 6*x - 1. Let a be p(5). What is the remainder when f(-4) is divided by (a/(-8))/(1/(-8))?
2
Suppose 3*u - 98 = -26. Let z(f) = 5*f - 5. Let x be z(5). Suppose -3*s + 19 = -x. Calculate the remainder when u is divided by s.
11
What is the remainder when 197 is divided by 4 - (-756)/16 - (-1)/(-4)?
44
Let k be 184/5*(3 - -2). Suppose -n - 3*n = k. Calculate the remainder when (1 - n) + 0 - -2 is divided by 17.
15
Let r = 115 - 68. Let c = r - 30. Calculate the remainder when 48 is divided by c.
14
Let c(y) = y**2 + 5*y + 2. Let w be c(-5). Suppose w*x - 18 + 10 = 0. Calculate the remainder when 10 is divided by x.
2
Let t(c) = 30*c**3 + c**2 - 2*c + 2. Calculate the remainder when t(1) is divided by 12.
7
Let t = -48 - -61. What is the remainder when t is divided by 4?
1
Let h(z) = 3*z - 1. Let j be h(3). Let i = -6 + j. Suppose -3*d - 16 = -i*c, 14 = 2*c + d - 10. What is the remainder when c is divided by 4?
3
Let q be (-1 + 0)/(2/20). Let b be q/(-14) - (-2)/7. What is the remainder when 17 is divided by 1*(10/b - 1)?
8
Let s(m) = 2*m**2 + 2*m + 2. Let d be s(4). Suppose -d = 2*o - 5*o. What is the remainder when o is divided by 4?
2
Let u(p) = -p**3 - 6*p**2 + 4. Calculate the remainder when u(-7) is divided by 19.
15
Suppose -4*m + 2*j = -9*m + 74, -2*j - 6 = 0. Calculate the remainder when 62 is divided by m.
14
Suppose 5*f - s - s = 23, -5*s = -4*f + 15. Suppose -i - 71 = -f*k + 4, -3*i = 0. Let l = k + -5. Calculate the remainder when 18 is divided by l.
8
What is the remainder when 9 is divided by 7 + 2*4/(-8)?
3
Let l = -7 - -9. Suppose 3*z = h - 2*h + 3, z = -l*h + 21. Calculate the remainder when 47 is divided by h.
11
Suppose 11 + 9 = 5*x. Let q = x + 4. Let k = q + 14. What is the remainder when k is divided by 12?
10
Let t(d) = 3*d**2 + 5*d - 1. Let x(k) = -k**2 + k - 1. Let j = -5 - -4. Let g(h) = j*t(h) - 2*x(h). Calculate the remainder when 37 is divided by g(-5).
11
Let x be 1/((-2)/(-334)) + -2. Suppose 7*r - 2*r = x. What is the remainder when r is divided by 18?
15
Calculate the remainder when 113 is divided by -1*2 - (-15 + -16).
26
Let w = 73 + -54. What is the remainder when 111 is divided by w?
16
Suppose 5*s - 50 = -0*h + 2*h, 0 = s - 4*h + 8. Let w(y) = 12*y - 3. Calculate the remainder when w(4) is divided by s.
9
Suppose 765 = 11*k - 6*k. Calculate the remainder when k is divided by 39.
36
Suppose -4*d + 6 - 2 = 0. Let z(j) = 8*j**2 + j - 1. Let t be z(d). Suppose c = -3*c + t. Calculate the remainder when 5 is divided by c.
1
Suppose c - u = 20, 0 = 3*c - u - 3 - 47. Calculate the remainder when 33 is divided by c.
3
Let v = -298 - -506. Calculate the remainder when v is divided by 19.
18
Let f = 1 + 28. Calculate the remainder when 142 is divided by f.
26
Let v(d) = -d**2 - 16*d + 14. What is the remainder when v(-12) is divided by 21?
20
What is the remainder when (12/30)/((-2)/(-60)) is divided by 5?
2
Let r(f) = -3 + 2*f + 3*f - 2*f. Let a be r(2). Calculate the remainder when 56/6 + a/(-9) is divided by 6.
3
Let z(q) = 3*q**2 + 5*q - 2. Suppose 0*x + 3*x = -12. Suppose -h = c - 10 + 4, 33 = 4*h - 5*c. What is the remainder when z(x) is divided by h?
5
What is the remainder when 41 is divided by (-24)/((-5)/4 + (-1)/4)?
9
Suppose -4*f = -8, -l + 2*f - 16 = -4. Let z = 22 + l. What is the remainder when z is divided by 4?
2
Suppose 4 - 20 = -4*h. Let f(l) = 3*l - 6. Calculate the remainder when f(h) is divided by 2.
0
What is the remainder when 7 is divided by 5/((-1 - -3) + -1)?
2
Suppose 0 = -2*u - 2*h + 86, 4*u - 2*u - h = 92. What is the remainder when u is divided by 12?
9
Let b = 8 - 2. Suppose -3*n - 5 = -2*u + 3*u, 4*u + 3*n = 7. Calculate the remainder when b is divided by u.
2
Suppose 2*n = 5*n + 84. Suppose 0*k = 4*k - 44. Calculate the remainder when k is divided by 4/14 - 104/n.
3
Suppose 4*m = 157 + 91. Calculate the remainder when m is divided by 23.
16
Suppose 0 = -2*u - 3*u - 15. Let d = 3 + u. Suppose d = 2*r - 10, 2*x + 27 = 5*x + 3*r. Calculate the remainder when 6 is divided by x.
2
Let b(n) = n**3 + 5*n**2 - 1. Let y(a) = a**2 + 11*a + 11. Let g be y(-9). Let t = g + 4. What is the remainder when b(t) is divided by 9?
8
Calculate the remainder when (-284)/6*24/(-32)*4 is divided by 36.
34
Let b = 71 - 51. Suppose -2*l = -7*l + b, -4*v = -5*l - 32. Calculate the remainder when 24 is divided by v.
11
Calculate the remainder when (-2)/3 + ((-140)/6)/(-5) is divided by 2.
0
Suppose t - 31 = z, -4*z = 2*t - 46 + 2. Suppose -3*g = -3*x - 45, -3*g - 5*x + t = -1. Calculate the remainder when g is divided by 4.
1
Suppose 2*f = -2*f + 80. Suppose j + f = y + 6*j, 5*y = j + 22. Calculate the remainder when y is divided by 3.
2
Suppose 0*l = 5*l + 4*b - 53, 5*b = -5*l + 50. Suppose -88 = -3*g + 4*w, g - 5 = -4*w + 3. Calculate the remainder when g is divided by l.
11
Let m = -3 + 6. Let o(i) = m + 5*i**2 - 4 + i**2. What is the remainder when o(-2) is divided by 6?
5
Suppose -4*h = -2*h - 4*n - 34, 0 = h - 3*n - 19. Calculate the remainder when 223/6 + (-7)/(-168)*-4 is divided by h.
11
Suppose -r + 3*r = 6. Suppose r*h + 4 = 46. What is the remainder when (-39)/12*(-40)/5 is divided by h?
12
Let f be (0/3 + 0)/(-2). Suppose 3*j - 17 = -f*t + t, 2*t - 16 = -4*j. Calculate the remainder when j is divided by 2.
1
Let r be 18/8 - (-6)/(-24). Suppose 5*h - r*h - 39 = 0. Let o = -3 + 7. What is the remainder when h is divided by o?
1
Suppose 3*j - 27 = 2*j - 2*f, 0 = j - 2*f - 31. What is the remainder when 200 is divided by j?
26
Suppose 3*s - 86 = 4*v, 2*v = -2*s - 2*s + 100. Calculate the remainder when s is divided by 11.
4
Let z be (8/20)/(1/20). Suppose o - z = 2. What is the remainder when o is divided by 3?
1
Suppose -3*m = -t - 0*t - 27, 2*t = -4*m - 4. Let w = 16 + t. What is the remainder when 2/(-5) + 37/5 is divided by w?
3
Let t = -3 - -5. Suppose 4*y = -5*v + 194, 7*v - t*v - 191 = -y. Calculate the remainder when v is divided by 13.
12
Let w be (28/21)/(2/105). Suppose -12 - w = -c. What is the remainder when c is divided by 17?
14
Suppose -2 = 2*x, -5*f + 6*x = 2*x - 14. Suppose 23 = f*u - 39. Calculate the remainder when u is divided by 8.
7
Calculate the remainder when (-4)/10 - 2024/(-10) is divided by 41.
38
Suppose 0 = 4*q - 23 + 75. What is the remainder when 28 is divided by (-2)/(-13) + (-193)/q?
13
Suppose 26 = s + 16. Calculate the remainder when 79 is divided by s.
9
Let t = 20 - 12. Let a(x) = 5*x + 13. Let u = 27 - 13. Calculate the remainder when a(t) is divided by u.
11
Suppose 19 + 41 = 2*m. What is the remainder when -3 - ((-2 - m) + -3) is divided by (-11)/3*-1*3?
10
Let u(p) = p**2 - p. 